. Calculate i(t).
-3
Suppose 3285*q - 3280*q + 10 = 0. Let g(m) = m**2 - 2*m - 3. Give g(q).
5
Let z be -3 - ((24/2 - -2) + -1). Let h = 31 + z. Suppose 0*m + 3*m = h. Let u(t) = -t**2 + 5*t - 4. Give u(m).
-4
Let u(i) = i**2 - 3*i - 1. Let c(x) = -x**3 + 2*x**2 + 12*x. Suppose -2*t + 2 = 4*w, 0 = -5*w - 4*t + 2*t + 1. Let o(d) = w*c(d) - 5*u(d). Give o(7).
26
Let n = -109828 - -109824. Let o(f) = 0*f**2 - f**3 + 4*f + 2*f - 7 - 2*f**2. Determine o(n).
1
Let f(s) = 10*s - 487. Let y be 20*(-27)/(-11) - 56/616. Give f(y).
3
Let n(k) = k**2 + 3*k + 6. Let t(j) = j**3 - j**2 - 2*j + 4. Let m be t(2). Suppose -m*d = -3*z - 0*d - 259, 0 = -2*z - d - 180. Let s = 85 + z. Determine n(s).
10
Let b(h) = 6*h**2 - 2 + 2 - 2*h - 12*h**2. Let m(q) = 5*q**2 + 3*q. Let c(j) = -4*b(j) - 3*m(j). Calculate c(1).
8
Let k be ((-6)/(-4))/((-15)/860). Let c = -85 - k. Let x be ((-5)/c)/(10*4/(-16)). Let b(y) = 3*y**2 + 2*y - 2. Determine b(x).
14
Let s(o) = -o**3 + 3*o**2 - o + 6. Let t be s(4). Let y be (-26)/t*-2 + (-62)/217. Let g(p) = -2*p**2 - 3*p. What is g(y)?
-20
Let u be (-1 - -1)/(-3 + 4). Suppose z - 6 = -u*t - t, 5*z + 2*t = 21. Let q(o) = -o**3 - 2*o**2 + 3*o + 3 - 4*o**2 - o + 10*o**2 - o**2. What is q(z)?
9
Let n be (105/(-14) + 11)*(-8)/14. Let s(c) = -2*c - 8. Calculate s(n).
-4
Let a(v) = 25*v - 260. Suppose 13 = -2*t + 4*y + 41, -y - 52 = -5*t. Calculate a(t).
-10
Let j(y) = y - 6. Let g(x) be the third derivative of -5*x**4/24 + 17*x**3/3 + 91*x**2. Let l be g(5). Determine j(l).
3
Suppose 2*h - h - 39 = 0. Suppose m - 2 + 3 = 0, 0 = -k - 2*m + 30. Let y = k - h. Let j(b) = b**2 + 6*b + 2. Give j(y).
9
Let a(r) = 12*r - 36. Suppose 256*i - 276*i = -60. What is a(i)?
0
Suppose -4*u = -2*j + 48, -2641*u + 2646*u + 45 = -5*j. Let p(g) = -g**3 - 11*g**2 - 16*g - 179. Calculate p(u).
-3
Let j(c) = -269 - 44267*c + 22075*c + 22105*c. Determine j(-3).
-8
Let x(q) = 13*q**2 + 29*q + 19. Let h(p) = 22*p**2 + 57*p + 42. Let g(s) = -3*h(s) + 5*x(s). Give g(-25).
-6
Let t(r) = 9*r**2 + 6*r - 5. Let n(f) = f**3 + 35*f**2 + 24*f - 21. Let q(i) = 2*n(i) - 9*t(i). What is q(6)?
3
Let p be (-33 - -33)*4*(-3)/60. Let d(n) be the second derivative of 12*n - n**2 + 1/6*n**3 + p. Calculate d(10).
8
Let t(r) = -r**3. Suppose 2*z - 10 = -3*a, 18*z - 5*a = 16*z - 6. What is t(z)?
-8
Let m(i) be the first derivative of -4*i**2 + 4*i + 223. Calculate m(-2).
20
Suppose -16*h = -15*h - 2. Let u be (((-72)/32)/(6/16))/h. Let x(l) = -2*l + 2. Determine x(u).
8
Let t(z) = -9 - z**2 - 13*z + 42*z + 3*z - 17*z. What is t(8)?
47
Suppose 2*g - 49 - 7 = 3*x, -4*x - 83 = -3*g. Let i(z) = 5 + g*z**2 - 7*z**2 + z**3 - 18*z**2. Let p(s) = s**2 + 6*s + 8. Let k be p(-4). Calculate i(k).
5
Let t(z) = z**2 + 7*z - 3. Suppose 87 = 3*g - h + 2*h, 3*h = 4*g - 129. Suppose 54 = -14*l - g. Calculate t(l).
-9
Suppose 4*c = 5*k + 50, -4*k = c - 6*k - 14. Let w(u) = 270*u + 98. Let i(l) = -49*l - 19. Let s(h) = -11*i(h) - 2*w(h). Give s(c).
3
Let x(v) = 10*v + 56. Let l = 3729 + -3739. Calculate x(l).
-44
Let n(g) = -g**2 - 9*g - 6. Suppose 0 = -2*i + 4*l - 8, 11 = 5*i + l - 2. Suppose -s + 3*m = s + 6, 0 = s + i*m - 11. Suppose -6*o = -s*o + 27. Calculate n(o).
-6
Let p = 7456 + -7462. Let l(g) = 7*g**2 + 6*g - 16. What is l(p)?
200
Let i(k) = -2*k - 9. Let s(j) = 15*j + 5. Let l be s(0). Suppose l*q + 4*n - 19 = 0, 4*q + 5*n = 36 - 28. Give i(q).
-23
Let d(r) = -5*r**2 - 5*r - 3 - 3*r - 7*r + 12*r. Let j(h) = -9*h**2 - 6*h - 6. Let c(t) = -7*d(t) + 4*j(t). Determine c(-4).
-7
Let r(b) be the second derivative of b**4/12 - b**3/2 - 17*b**2/2 + 2*b - 143. Suppose 4*y - 23 = -5*z, -y + 11*z + 11 = 7*z. Give r(y).
11
Let h = -2610 + 2613. Let o(g) = 36*g - 114. Determine o(h).
-6
Let d(a) = -1630*a**2 - 64*a - 1653*a**2 + 3280*a**2 - 16. Determine d(-21).
5
Let q(g) = -16*g + 3*g + 10*g - 2 + 4*g. Determine q(16).
14
Let z(j) = -14*j - 3 - 10*j - j**2 + 21 + 35*j. What is z(14)?
-24
Let z(p) = -p**3 + 4*p**2 + p - 5. Let s(l) = 6*l**2 - 32 + 5*l**2 - 20*l**2 - 16*l + 10*l**2. Let i be s(-2). Determine z(i).
-1
Suppose -c + 5*m - 12 = 0, -4*c - 4*m + 0*m + 24 = 0. Suppose -18 + 6 = -c*x. Suppose 2*n - v = x + 4, 5*v = -n + 26. Let o(g) = g**2 - 3*g - 8. Determine o(n).
10
Suppose 5*q - 60 = -g, 0*q - 4*g = q + 7. Let f(i) = -1 + q*i**2 + 242*i**3 - 480*i**3 + 237*i**3. What is f(13)?
-1
Let h = -3 - -4. Let m be ((-1)/h - -2)*-4. Let d(j) be the second derivative of -j**5/20 - 5*j**4/12 - 2*j**3/3 - j**2/2 + 2*j - 25327. Calculate d(m).
-1
Let r(h) = 6*h**2 - 16*h + 8. Let g(i) = i**2 - 2*i + 1. Let s(a) = -7*g(a) + r(a). Suppose 40*m - 45 = 55*m. Determine s(m).
-2
Let a(g) = -6*g + 9. Let l(c) = -6*c + 10. Let s(b) = -5*a(b) + 4*l(b). Let f = -1 - -13. Suppose -5*m + 5*z + 0*z = 0, -3*z = -f. Give s(m).
19
Let n(v) = v**3 - 4*v**2 + 2*v - 1. Let d be (-1)/(-2)*(2 + 2 + -4). Suppose -2*m - 3*m + 100 = d. Let s be (-12)/28 + (2 - m/(-14)). Calculate n(s).
-4
Let j(r) = 2*r**3 - r**2 + 2*r - 1. Let i be j(1). Let a(o) = -14*o**i + 6*o**2 + o**3 + 8*o - 6 - 2. Suppose -8*n = 104 - 160. Give a(n).
-1
Let p(q) = -2*q**3 + 5*q**2 - 5*q + 8*q + 14*q**2 + 2 + 2*q - 10*q**2. Calculate p(5).
2
Let j(c) be the first derivative of -53*c**3/3 - c**2 + 2*c - 884. Determine j(1).
-53
Let m = 3 + -1. Let n(y) = -y - 37*y**m + 14*y**2 + 22*y**2. Let v = 25 + -26. Give n(v).
0
Let p(k) = -k**3 - 16*k**2 - 5*k + 142. Let i be ((-56)/16 + 2)/((-15)/(-200)) - -5. Give p(i).
-8
Let p(j) = 7*j**2 - 198*j + 59. Let t be p(28). Let o(z) be the third derivative of 0*z + 36*z**2 + 1/6*z**t + 0 + 1/24*z**4. Determine o(1).
2
Let p = 1830 + -1827. Let w(l) = l**3 - l**2 + l - 9. What is w(p)?
12
Suppose 5*u + 2*d - 48 = 0, 0 = 24*u - 23*u - 8*d + 24. Let p(j) = -4*j - 5. Determine p(u).
-37
Let w(q) = -5*q**2 + 8*q + 9. Let x(m) = -9*m**2 + 16*m + 18. Let n(y) = -7*w(y) + 4*x(y). Let t(i) = -i**3 + i**2 + 31*i - 47. Let p be t(5). Calculate n(p).
9
Let v(x) = -x**2 + 5*x - 4. Let r be v(4). Let t be (-5 + (-77)/(-14))/(2/8). Let f(a) = -a**t - 15 + 37248*a - 37248*a. What is f(r)?
-15
Let u(t) = 8 - 19 - 2 - t + 2*t**2 + 14. Suppose 4*y = -2*a - 2*a + 20, 1 = a. Suppose 4*g + 1 = 5*n + 3, 0 = y*n - 4*g. Calculate u(n).
11
Let k(t) = -8*t + 34. Suppose 70*o - 474 + 124 = 0. Calculate k(o).
-6
Let j be 4/3*(-9)/2. Let x(n) = -23*n**3 + n**2 - 6*n - 177. Let w(t) = -17*t**3 + 2*t**2 - 6*t - 132. Let y(h) = -4*w(h) + 3*x(h). Calculate y(j).
-3
Let b(q) = -16*q + 65. Let a(n) = -38*n + 140. Let z(g) = 4*a(g) - 9*b(g). What is z(-8)?
39
Let y(z) = 2*z**2 - 7 - z**2 - 5*z**2 + 13*z - 72*z + 20. Calculate y(-15).
-2
Let l(q) = q - 3. Let h(j) = -6*j - 160. Let c be h(-41). Let m = 91 - c. Determine l(m).
2
Let c be 5 - 81/(18/(-2)). Let m(z) = 3*z - 5 - c*z - 2 + 0*z + 7*z. Determine m(-7).
21
Suppose -20*l + 327 = -313. Suppose -4*i = -36*h + l*h - 16, -h + 8 = -4*i. Let o(p) = 2*p + 1. Calculate o(h).
-15
Let k(g) = -17*g - 1149. Let b be k(-68). Let i(q) = -20*q + 145. What is i(b)?
5
Let u(i) = -5*i + 6. Let j be 4*(-6)/12*-3. Suppose -8*k - j = -9*k. What is u(k)?
-24
Suppose c - 2*r = 2, -2*r + 3*r = -3. Let q(f) be the second derivative of -f**4/12 + f**3/6 + 25*f**2/2 - 3296*f + 2. What is q(c)?
5
Let x(i) = -21 + 14 + 7 + 2 + 41*i + 20*i. What is x(1)?
63
Suppose -c - 3*i - 7 = -0*i, -25 = -5*c - 3*i. Let u(z) = 0 - 6*z + 3*z**2 - 4*z**2 - 7 + c. Give u(-6).
1
Let u be (-69)/(-6) - (-4 - (-18)/4). Suppose -u*l - 25 = 19. Let t(g) = g**3 + 3*g**2 - 4*g - 1. Give t(l).
-1
Let p(f) = f**3 - 31*f**2 + 29*f + 33. Let l be p(30). Let m(o) = -2330*o**l + 5*o - 1 + 2329*o**3 - 2 + 2*o**2. Determine m(3).
3
Let k(s) = s**3 - 2*s**2 + 141*s + 20. Let i be k(0). Let g(o) = 9*o - 185. Determine g(i).
-5
Let z(q) be the second derivative of -q**5/20 + 11*q**4/12 - 2*q**3 + 19*q**2/2 - 2180*q. Give z(10).
-1
Let k(c) be the first derivative of -c**5/24 + 5*c**4/24 + 55*c**3/3 - 23. Let w(f) be the third derivative of k(f). What is w(2)?
-5
Let y = 164199 - 164202. Let u(z) = z - 4 - 2*z - 3. Give u(y).
-4
Let u(r) = -2*r + 7. Let w(v) = v**3 + 15*v**2 - 21*v - 76. Suppose -44 = -2*q - 76. Let g be w(q). Determine u(g).
-1
Let m(i) = 79 + 5*i - 171 + 96. Let s(u) = 14*u + 12. Let q(w) = -11*m(w) + 4*s(w). Determine q(-6).
-2
Suppose 0